{"id":6,"date":"2026-01-13T11:06:01","date_gmt":"2026-01-13T10:06:01","guid":{"rendered":"http:\/\/lichtinsel.net\/?page_id=6"},"modified":"2026-01-23T09:58:22","modified_gmt":"2026-01-23T08:58:22","slug":"die-lichtinsel","status":"publish","type":"page","link":"https:\/\/lichtinsel.net\/","title":{"rendered":"Die Lichtinsel"},"content":{"rendered":"\n<div class=\"wp-block-cover alignfull has-accent-1-color has-text-color has-link-color wp-elements-b3f24fb12d7104710ad3ffdff1f90d8e\" style=\"margin-top:0;margin-bottom:0;padding-top:200px;padding-right:var(--wp--preset--spacing--50);padding-bottom:200px;padding-left:var(--wp--preset--spacing--50);min-height:634px;aspect-ratio:unset;\"><img loading=\"lazy\" decoding=\"async\" width=\"1024\" height=\"768\" class=\"wp-block-cover__image-background wp-image-9 size-large\" alt=\"\" src=\"http:\/\/lichtinsel.net\/wp-content\/uploads\/2026\/01\/WhatsApp-Bild-2026-01-12-um-17.24.44_74f44d12-1024x768.jpg\" style=\"object-position:59% 48%\" data-object-fit=\"cover\" data-object-position=\"59% 48%\" srcset=\"https:\/\/lichtinsel.net\/wp-content\/uploads\/2026\/01\/WhatsApp-Bild-2026-01-12-um-17.24.44_74f44d12-1024x768.jpg 1024w, https:\/\/lichtinsel.net\/wp-content\/uploads\/2026\/01\/WhatsApp-Bild-2026-01-12-um-17.24.44_74f44d12-300x225.jpg 300w, https:\/\/lichtinsel.net\/wp-content\/uploads\/2026\/01\/WhatsApp-Bild-2026-01-12-um-17.24.44_74f44d12-768x576.jpg 768w, https:\/\/lichtinsel.net\/wp-content\/uploads\/2026\/01\/WhatsApp-Bild-2026-01-12-um-17.24.44_74f44d12-1536x1152.jpg 1536w, https:\/\/lichtinsel.net\/wp-content\/uploads\/2026\/01\/WhatsApp-Bild-2026-01-12-um-17.24.44_74f44d12.jpg 1600w\" sizes=\"auto, (max-width: 1024px) 100vw, 1024px\" \/><span aria-hidden=\"true\" class=\"wp-block-cover__background has-background-dim-10 has-background-dim\" style=\"background-color:#a07655\"><\/span><div class=\"wp-block-cover__inner-container has-global-padding is-layout-constrained wp-container-core-cover-is-layout-d47c59a2 wp-block-cover-is-layout-constrained\">\n<h3 class=\"wp-block-heading has-text-align-center has-base-color has-text-color has-link-color has-xx-large-font-size wp-elements-5514014d0c2e7321c7633dff530709cc\"> Atmosph\u00e4re, die bleibt<\/h3>\n\n\n\n<p class=\"has-text-align-center is-style-default has-contrast-color has-text-color has-background has-link-color has-small-font-size wp-elements-9613d92b75956195041f889a8d37ed9f\" style=\"background-color:#eeeeed\">Wir planen und realisieren ganzheitliche Elektrotechnik f\u00fcr moderne Geb\u00e4ude. Von durchdachter\u00a0<strong>Elektro- und Beleuchtungsplanung<\/strong>\u00a0\u00fcber intelligente\u00a0<strong>Geb\u00e4udesystemtechnik <\/strong>bis hin zu\u00a0<strong>Medien- und Visualisierungsl\u00f6sungen<\/strong>\u00a0schaffen wir vernetzte, zukunftssichere Systeme.<br>Erg\u00e4nzt durch ma\u00dfgeschneiderte\u00a0<strong>Netzwerkkonzepte<\/strong> und pr\u00e4zise\u00a0<strong>CAD-Planung<\/strong>\u00a0<strong>n<\/strong>\u00a0verbinden wir Technik, Design und Funktionalit\u00e4t zu einer intelligenten Gesamtl\u00f6sung.<\/p>\n<\/div><\/div>\n\n\n\n<h2 class=\"wp-block-heading has-medium-font-size\">Unsere Kernkompetenzen<\/h2>\n\n\n\n<p class=\"has-small-font-size\">Von der ersten Idee bis zur fertigen Installation bieten wir ein breites Spektrum an Dienstleistungen, um Ihre individuellen Bed\u00fcrfnisse zu erf\u00fcllen. Wir sind Ihr zuverl\u00e4ssiger Partner f\u00fcr zukunftssichere Elektrotechnik.<\/p>\n\n\n\n<h2 class=\"wp-block-heading has-medium-font-size\">Elektroplanung &amp; Beratung<\/h2>\n\n\n\n<p class=\"has-small-font-size\">Wir entwickeln f\u00fcr Sie durchdachte Elektro- und Beleuchtungskonzepte, die Funktionalit\u00e4t, Design und Energieeffizienz optimal verbinden. Unsere Experten beraten Sie umfassend und individuell.<\/p>\n\n\n\n<div class=\"wp-block-columns is-layout-flex wp-container-core-columns-is-layout-28f84493 wp-block-columns-is-layout-flex\">\n<div class=\"wp-block-column is-layout-flow wp-block-column-is-layout-flow\" style=\"flex-basis:100%\">\n<figure class=\"wp-block-table\"><table class=\"has-border-color has-base-border-color\"><tbody><tr><td class=\"has-text-align-center\" data-align=\"center\"><ol style=\"list-style: none; font-size: 11px; line-height: 20px; font-weight: bold;\"><li style=\"clear: both;\">Die Lichtinsel<br>Daniel M\u00fcller-Wohlh\u00fcter<br>Thurgauer Weg 11<br>78479 Insel Reichenau<\/li> <br><a>+49 172 4147299\u202c<\/a><br><a href=\"mailto:[[email]]\">mail@lichtinsel.net<\/a><\/ol><\/td><td class=\"has-text-align-left\" data-align=\"left\"><ol style=\"list-style: none; font-size: 11px; line-height: 20px; font-weight: bold;\"><li style=\"clear: both;\"><\/li><li style=\"clear: both;\"><\/li><\/ol><br><ol style=\"list-style: none; font-size: 11px; line-height: 20px; font-weight: bold;\"><li style=\"clear: both;\">\u00d6ffnungszeiten<br>Mo &#8211; Fr: 8:00 &#8211; 17:00 Uhr<br>Sa: Nach Vereinbarung <br>So: Geschlossen<\/li><\/ol><p>&nbsp;<\/p><\/td><\/tr><\/tbody><\/table><\/figure>\n<\/div>\n<\/div>\n\n\n\n<p class=\"has-small-font-size\"><\/p>\n","protected":false},"excerpt":{"rendered":"<p>Unsere Kernkompetenzen Von der ersten Idee bis zur fertigen Installation bieten wir ein breites Spektrum an Dienstleistungen, um Ihre individuellen Bed\u00fcrfnisse zu erf\u00fcllen. Wir sind Ihr zuverl\u00e4ssiger Partner f\u00fcr zukunftssichere Elektrotechnik. Elektroplanung &amp; Beratung Wir entwickeln f\u00fcr Sie durchdachte Elektro- und Beleuchtungskonzepte, die Funktionalit\u00e4t, Design und Energieeffizienz optimal verbinden. Unsere Experten beraten Sie umfassend und [&hellip;]<\/p>\n","protected":false},"author":1,"featured_media":26,"parent":0,"menu_order":0,"comment_status":"closed","ping_status":"closed","template":"","meta":{"footnotes":""},"class_list":["post-6","page","type-page","status-publish","has-post-thumbnail","hentry"],"_links":{"self":[{"href":"https:\/\/lichtinsel.net\/index.php?rest_route=\/wp\/v2\/pages\/6","targetHints":{"allow":["GET"]}}],"collection":[{"href":"https:\/\/lichtinsel.net\/index.php?rest_route=\/wp\/v2\/pages"}],"about":[{"href":"https:\/\/lichtinsel.net\/index.php?rest_route=\/wp\/v2\/types\/page"}],"author":[{"embeddable":true,"href":"https:\/\/lichtinsel.net\/index.php?rest_route=\/wp\/v2\/users\/1"}],"replies":[{"embeddable":true,"href":"https:\/\/lichtinsel.net\/index.php?rest_route=%2Fwp%2Fv2%2Fcomments&post=6"}],"version-history":[{"count":20,"href":"https:\/\/lichtinsel.net\/index.php?rest_route=\/wp\/v2\/pages\/6\/revisions"}],"predecessor-version":[{"id":92,"href":"https:\/\/lichtinsel.net\/index.php?rest_route=\/wp\/v2\/pages\/6\/revisions\/92"}],"wp:featuredmedia":[{"embeddable":true,"href":"https:\/\/lichtinsel.net\/index.php?rest_route=\/wp\/v2\/media\/26"}],"wp:attachment":[{"href":"https:\/\/lichtinsel.net\/index.php?rest_route=%2Fwp%2Fv2%2Fmedia&parent=6"}],"curies":[{"name":"wp","href":"https:\/\/api.w.org\/{rel}","templated":true}]}}